e -13 - ((2 - (20 + -7 + -10)) + -2).
-10
What is 0 - -13 - (51 + -33)?
-5
Calculate -14 + (-11 - -7) + 9.
-9
What is 13 + (7 + 2 + -12 - (0 - -4))?
6
Evaluate 21 + -7 + 1 + -5.
10
Calculate (-9 - -1) + (284 - 278) + 22.
20
-26 + -3 + (11 - -3)
-15
What is 2 - 0 - (-90 - -120 - (-6 - 1))?
-35
What is the value of (-2 - 16 - -2) + -70 + 80?
-6
What is the value of 25 - ((281 - 276) + (0 - 1) + 1)?
20
What is -10 + (-66 - -73) + (1 - 9)?
-11
Evaluate 2 + -10 + (45 - 29) + 17.
25
What is the value of (23 - (5 - -7)) + (-7 - (2 + -2))?
4
Evaluate 0 - (1 + -1) - (8 - 2 - 18).
12
What is 11 + 3 + -8 + (-7 - -3) + 6?
8
14 - (6 - -23 - 3)
-12
Evaluate (-4 + (-7 - 2) - -57) + -13.
31
What is (-28 - -56) + 3 + -9?
22
What is the value of -1525 + 1541 - (1 + 4 - (1 - 1))?
11
Evaluate (0 - 5) + (-369 - -388).
14
What is the value of 0 + 3 + (56 - 71) + -6 + -2?
-20
Calculate 7 + -6 + (-1 - 3 - (10 + -8)).
-5
(0 - (-3 - (3 - (5 + 4)))) + -6
-9
What is the value of -14 - 0 - (1 - (28 + 9 + -28))?
-6
-12 - (0 + (3 - -6) + -10)
-11
Calculate (17 - (4 - 1)) + -15 + 6 + 4.
9
-1 - (29 + (7 - 7) - (-3 + 4))
-29
What is 1 + 0 - (13 + -8 + 10)?
-14
0 + 18 + 49 + -81 + 4
-10
(-3 - (4 - 3 - 13)) + (178 - 177)
10
What is 20 - ((-3 - 2) + 3 + (-295 - -290))?
27
Calculate (6 + -5 - -14) + -5 + (3 - 0).
13
What is the value of -5 + -31 + (-71 - -91)?
-16
What is 0 + 1 - (4 + 3 + -5 + 8)?
-9
Evaluate -30 - 4 - (2 + (-23 - -12)).
-25
Calculate -9 + (-16 - -23) + -2 + -3.
-7
Calculate -10 - (-15 - -5) - (-1 + -2).
3
What is (-14 - (8 + -28)) + 4?
10
Calculate -36 - -24 - (-2 + (0 - 3 - -11)).
-18
Evaluate 446 + -459 + 0 + -6.
-19
Evaluate (3 - 6) + (-30 - (-15 + 12 + -3)).
-27
-7 + 1 + (2 - -2) + (-7 - -2)
-7
What is the value of 5 - (-2 - 2) - (9 + 3 - 7)?
4
(-2 - 4 - -13) + -7 + 3
3
What is (-5 + 8 + 3 + -10 - -1) + 0?
-3
Calculate 507 + -512 - ((2 - 2) + -4).
-1
Calculate -6 + 4 + -7 - 14.
-23
What is -12 - ((11 - -9) + -21)?
-11
What is the value of -58 + 22 - 4 - -18?
-22
Calculate 3 + 2 - (34 + -30 - 15).
16
1 - (-12 + 14 - -1) - 20
-22
Evaluate 1 + -10 + (2 + -11 - -27) - 27.
-18
Calculate 2 + (-8 - 1 - -17) + -42.
-32
Calculate -9 + 10 + -8 + -1.
-8
What is -6 - (-29 + (16 - (13 - 12)))?
8
Evaluate (1 - 3 - 0) + 7 + -10.
-5
Calculate -34 + 61 + -26 - (9 + (0 - 1)).
-7
What is (754 - 771) + (0 - -17)?
0
Evaluate 58 + -46 - (-11 - -5).
18
What is 2 + -3 + (1 + 4 - 7 - 4)?
-7
What is the value of 9 - (3 - (11 + (-11 - (-9 - -3))))?
12
What is (3 - 3 - 1) + 0 + -10 + 11?
0
Calculate 1 - (40 + -22) - 1.
-18
-2 + 20 + -12 + -23
-17
What is 82 - 81 - ((4 + -1 - 2) + 7)?
-7
What is the value of 17 + -9 + -2 + 1?
7
What is the value of 8 - 0 - (-46 - -43)?
11
10 + (-13 - 3) - -15 - (0 - -22)
-13
(31 - 32) + (-11 + 2 - -37)
27
What is the value of (-31 - -26) + 0 - 4?
-9
Calculate 6 - (-1 - (4 + (10 - 4) + -4)).
13
Evaluate -5 + -38 + (3 - 0 - (-44 + 36)).
-32
Evaluate 13 - ((1 - 1) + 1 + (74 - 72)).
10
What is the value of 0 + -20 + 33 - 5?
8
Calculate -11 + (-9 + -11 + 12 - -13).
-6
What is the value of 20 + -4 + 0 + (1 - -5)?
22
Calculate (-3 - 5) + 4 + (-3 - (-9 - 8)).
10
(12 - 0) + (0 - -8 - 6 - 8)
6
Evaluate -31 - 15 - 15 - -29.
-32
12 + -35 + 52 + -32
-3
Evaluate 22 - -2 - (9 + 24).
-9
What is 19 + (6 - 12 - 10)?
3
What is 7 + (-1 - 2 - (45 - (27 + 10)))?
-4
Evaluate -13 - (-14 + 12 + -3).
-8
What is the value of -31 + 9 + (4 - (-6 + 0))?
-12
Calculate -27 - (24 - 43 - 14).
6
-3 - (6 - 4 - 10 - (11 - 26))
-10
What is -5 + 0 + (-379 - -373)?
-11
What is the value of (17 - -14) + -21 + -3 + -16?
-9
What is 0 - 15 - 1 - (27 + -16 + -13)?
-14
What is the value of (9 - (-3 + 2)) + -22?
-12
Evaluate -18 - (30 + -41 + (-4 - -13)).
-16
Calculate -32 + -2 + 195 + -195.
-34
What is the value of (-21 - -1) + (2 + -12 + 15 - 4)?
-19
(7 - 1) + (440 - 474)
-28
Evaluate -40 + (83 - -7) + -21.
29
-2 - (-9 + -5 + -1)
13
What is -10 + -34 + 75 - (-1 + 13)?
19
What is the value of 8 + (2 - (4 + 0))?
6
7 + 10 + -13 + 6 + -3
7
What is -8 + (-8 - -7) + (-11 - (8 - 7))?
-21
8 + (6 - 1) - (4 + 0)
9
Evaluate 21 + -4 + -21 + 17.
13
What is the value of (-1 + 16 - 11) + -34?
-30
What is (23 - 8) + -14 + -2?
-1
What is the value of -12 + 13 + (-33 - -53)?
21
What is the value of 5 + -8 + -8 + 6?
-5
Evaluate 2 + -7 + (5 - 2 - -2) - -1.
1
Calculate (-17 - -8) + (-5 - (14 - 12)).
-16
What is -11 + 43 + -8 + (-12 - -9)?
21
What is 0 + (-25 - 0) - (-39 - (-35 + -7))?
-28
(85 - 16) + -71 - ((-6 - -2) + 0)
2
What is 52 + -44 + -26 + -1 + 16?
-3
-4 - (-26 + 28 + -5 + 0 + 4)
-5
Evaluate -4 + 1 + -1 + 7 + -8 + 2.
-3
Evaluate 1 - ((6 - (6 + 5)) + -2).
8
Evaluate -2 - (-2 + 0) - (2985 + -2990).
5
What is the value of 2 + -8 + -1 + 3?
-4
(0 - -3) + 1 + 0 + (-203 - -207)
8
Evaluate (13 - (10 - 4)) + 15 + -10.
12
Evaluate -12 - (-28 - (-3 - 2)).
11
Evaluate 3 - (-12 + 15 + (5 - -2)).
-7
19 - (9 + -19 + 11)
18
What is -4 + -1 + -5 + 4?
-6
Calculate 16 + (-1 + -3 - -5 - 7) - 18.
-8
What is (17 - 9 - 0) + -3 - -5?
10
(-1 - (18 + -8)) + 6 + (-2 - 2)
-9
What is (4 - -20) + -70 + 36?
-10
-8 + (11 - (3 + 17))
-17
Evaluate 5 - (-7 - (-3 + -2)) - 6.
1
What is the value of 3 - (0 - 2) - (-17 + -10 + 22)?
10
Evaluate -3 - (-2 + 9 + -4 + -11).
5
9 + (15 + -32 - -1 - 15)
-22
Evaluate -7 + -1 + (115 - 99).
8
Calculate (3 - 1) + (8 - (21 + -7)).
-4
38 + -28 + (13 - 16)
7
What is (19 - (24 + -15)) + 1 + -2 - 9?
0
Evaluate -27 + 7 - -13 - -6.
-1
Evaluate -891 + 902 - (0 - (1 + (-48 - -1))).
-35
What is the value of -22 - 6 - (31 + -10 - 26)?
-23
What is -42 - (30 + -69 + -29)?
26
Evaluate 3 - (-1 - -2 - (-15 + 4)).
-9
Evaluate 4 + 5 + -29 - (-7 - 6).
-7
What is (-28 - (-28 + 28 - -16)) + 8 + 1?
-35
Evaluate 1 - (1 + -20 - -16).
4
Calculate (3 - 2 - -4) + -1 + 3 - 6.
1
Evaluate (-7 - (7 - 17)) + (-2 - -3).
4
Evaluate -45 - (-67 + -28) - 20.
30
Calculate (-2 + -1 + 4 - -5) + -8.
-2
13 - 10 - -16 - 16
3
What is 9 + (0 - (-4 - 5)) + -12?
6
What is the value of (-3 - -9 - 0) + -13 + -18?
-25
What is the value of -2 - (-16 + 5) - (-2 - -16)?
-5
What is 1 - -5 - -5 - (-118 + 109)?
20
Evaluate 19 + -9 + (-8 - (-10 - -13)).
-1
What is 10 - 1 - ((59 - (5 - -17)) + -5)?
-23
What is the value of -3 + -2 - (8 - 3 - (8 - -4))?
2
What is -9 - (4 - 3 - -2)?
-12
Calculate -17 - ((-34 - -1) + (4 - 15)).
27
Calculate (-16 - -12 - (10 + (-6 - -1))) + 3.
-6
What is -35 - -20 - (-5 - (1 + -8) - -8)?
-25
Calculate (-26 - -3) + 0 + -12 + 19.
-16
Evaluate (-1 - 4) + (8 + -13 - -8).
-2
Calculate 577 + -614 + 69 + -1.
31
Calculate -11 + 7 + -14 + 24.
6
What is the value of (-4 - -4) + 4 + 3 + -18 + 3?
-8
What is -26 + -3 + 17 - (1 - 25)?
12
What is (3 - (3 - 17)) + -13 + 1 + 7?
12
What is -137 + 126 + 5 + 0?
-6
Calculate -5 - (3 + (-9 - 3)).
4
What is 0 + -6 - (11 - (9 - (4 - 0)))?
-12
What is the value of (-6 - -11) + (8 - (-1 + 2 - -1))?
11
9 + -8 + -2 + 3 + -32 + 14
-16
Calculate -9 - (-6 - (5 - (-3 + 2))).
3
Calculate (-18 - -11) + (14 + 0 - (3 + 0)).
4
What is (2 - (0 + 1)) + -42 + 20 + 23?
2
Evaluate (-6 - 27) + 3 - (-15 - (-7 - 1)).
-23
Evaluate (-414 - -446) + 1 + -55.
-22
Calculate 5 - (17 + -2 + (3 - -4) - 2).
-15
Calculate -16 - -19 - (-2 + (9 - -1 - -1)).
-6
What is (-5 - (8 - (42 + -18))) + -21?
-10
What is (-4 - 4) + -1 + 4 + -18?
-23
Evaluate 11 - (-6 - (-19 - -4) - 9).
11
Evaluate (-2 + -1 - 7) + -4 + 8 + 1.
-5
Calculate -9 - -2 - (-11 + 0).
4
Calculate -4 + -21 + 11 + 17.
3
What is the value of -4 - 0 - -10 - (-7 + -1 + 9)?
5
What is the value of 3 - (8 + (7 + -17 - -18)) - 10?
-23
Evaluate -48 + -29 + 54 + 24.
1
What is 10 + (4 - (23 + -25 - (-7 - -2)))?
11
What is the value of -15 + 67 + -66 + (-4 - 4)?
-22
What is the value of 11 - (-7 - -12) - (5 + -5 + -3)?
9
-11 - (19 + -64 + 40)
-6
Evaluate 7 + -19 + 9 + 9.
6
What is -9 + (-2 + 0 - 3) - (-9 + 15)?
-20
What is 11 - (-18 - -13 - (-18 - -1))?
-1
Calculate (0 + -2 + 0 - (-2 + 1)) + 5.
4
-18 + 31 - 34 - 4
-25
22 + -48 + 21 + (25 - -2) - 9
13
-872 - -873 - (-1 + -1 + 6)
-3
21 + (4 + 0 - (-17 - (-32 - -3)))
13
What is the value of (-1 - -11) + (-15 - (-32 - -17))?
10
What is -10 + (29 + 10 - 7) - 9?
13
Evaluate (164 - 170) + -6 + 7.
-5
Calculate 55 + -29 + -36 + 4.
-6
10 - (-9 + (30 - 8 - -6))
-9
-7 + (15 - (11 - -12)) + (15 - 3)
-3
Evaluate 3 - 7 - (10 - ((3 - 11) + 30)).
8
55 - 88